?
2
Let l(c) = c**3 - 26*c**2 + 18*c + 420. What is the hundreds digit of l(26)?
8
What is the thousands digit of ((-2)/(-18))/(1182/619525206)?
8
Let j = 220 - -664. What is the hundreds digit of j?
8
Let n(k) = -12*k**3 - 2*k + 2. Suppose 6*q - 32 - 10 = 0. Let g be (-6)/(-14) - 3/q - 2. What is the hundreds digit of n(g)?
1
Let j(r) = 4*r**2 - 59*r + 4. Let h = -21 - -25. Suppose 2*k + h*o + 4 = k, 0 = -4*k - 2*o + 54. What is the units digit of j(k)?
4
Suppose -4*v + 3*v = -4. Suppose 21 = v*h + 3*h. Suppose -3*o - h*w + 363 = 0, 6*w - 485 = -4*o + w. What is the tens digit of o?
2
Let g = 30481 - -42958. What is the ten thousands digit of g?
7
Let f(o) = 4*o**2 + 2*o + 29. Let h be ((-7)/((-35)/5))/(2/(-6)). Let d be 1*((-31)/4 + h/(-4)). What is the units digit of f(d)?
1
Suppose -6*v = -9*v - 3*b + 27, 2*b - 29 = -3*v. Suppose -v*o + 3534 = -1735. What is the units digit of o?
9
Let z be (-1572)/(-15) + -4 - 8/10. Let g = z - 84. Suppose 0 = -t + g + 15. What is the tens digit of t?
3
Let c = -177 - -177. Suppose -d - 3*z - 1304 = -6*d, c = 3*d + 4*z - 765. What is the units digit of d?
9
Suppose -5*v = 4*c - 53924, -32353 = -32*v + 29*v - c. What is the units digit of v?
4
Suppose 3*s - 448 = 4*k, -4*k + 440 = 4*s - 92. What is the units digit of s?
0
Let x(h) = 13429*h + 350. What is the tens digit of x(2)?
0
What is the ten thousands digit of (-1286)/(13/65*(-8)/40)?
3
Let k = 104 + -99. Suppose 4*b = -5*a - 35, k - 26 = 3*a + 5*b. What is the units digit of (-1694)/(-10) - a/((-175)/10)?
9
Suppose 53*x - 391 = 36*x. Suppose 22*h - 4*k + 250 = x*h, -4*h = -2*k - 1000. What is the tens digit of h?
5
Suppose 28*t - 30*t + 6902 = 2*k, -5*k + 17279 = -3*t. What is the hundreds digit of k?
4
Let p(h) = 105*h**2 - 5*h + 552. What is the thousands digit of p(-11)?
3
Let w(h) = 37 - 9*h - 40 + 4*h - 2*h**2 - 22*h**3 - 3*h. What is the units digit of w(-2)?
1
Let f = 74136 - 44371. What is the hundreds digit of f?
7
Let q(o) = 5*o**2 - 2*o + 4. Suppose -5*a + 3*h = -1 + 4, 2*h + 23 = -5*a. Let p be q(a). Let y = p - 40. What is the units digit of y?
5
Suppose 8*l - 9 = 5*l, 4*x - 425 = l. Suppose -2*u = -x - 109. What is the hundreds digit of u?
1
Let t = 100 - 98. Suppose -5*h - t*x = -88, -2*h - 2*x + 26 + 8 = 0. What is the tens digit of (-18)/(-12)*258*4/h?
8
Let p be (-12)/42 + (-24)/14. Let c(z) be the first derivative of -7*z**2 - 5*z - 1703. What is the units digit of c(p)?
3
Suppose -5*h + 80 = -5*w, -h + 30 = -4*w - 46. Let x = w + 38. Let a = x + 97. What is the units digit of a?
5
Let i(m) = -34*m + 4. Let n be i(-28). Suppose -149*d = -147*d - n. What is the tens digit of d?
7
Let i = -271 - -273. Suppose 0 = -6*b + 3*b + 5*s + 579, 0 = -4*b - i*s + 798. What is the units digit of b?
8
Let o(m) = 2484*m - 548. What is the units digit of o(7)?
0
Suppose 2*q = -581 + 165. Let w be (q/12 + 3)*-3. Let a = w - 25. What is the tens digit of a?
1
Let x(u) = -24*u + 173. Let a be x(7). Suppose -7*y - 4*d = -a*y - 290, 2*d = -4*y + 592. What is the units digit of y?
9
Let t = -74 + 30. Let i = t + 49. Suppose -3*p + 3*w = 5*w - 15, 0 = p + 4*w + i. What is the units digit of p?
7
Suppose -650 - 652 = -14*c. Suppose c = -4*a + 2445. What is the hundreds digit of a?
5
What is the hundreds digit of ((-1511931)/(-1285))/((-6)/(-50))?
8
Suppose 5*t = -5*f + 78580 + 63635, 5*f - 142233 = t. What is the hundreds digit of f?
4
Suppose -147 - 7 = 2*n. Let k = n + 282. What is the hundreds digit of k?
2
Suppose -11*o - 2*h = -12*o + 2865, 3*o + 5*h = 8584. What is the units digit of o?
3
What is the tens digit of ((-156)/312)/(3/(-56100))?
5
Let l be (2 + 1)/(-1) - (1 - 53). Suppose 4*h + l = -i, -2*h = -0*h + 4*i + 42. Let f = h - -56. What is the tens digit of f?
4
Let x(o) = 89*o**2 - 3*o - 15. Let n be x(-4). Suppose 6*v - n = 2101. What is the hundreds digit of v?
5
Suppose 131 = -5*q - 254. Let k = q - -214. Suppose -i + 53 = 4*a, -4*i + 7*i - k = -a. What is the tens digit of i?
4
Suppose -50*a + 39*a + 781 = 0. Let s = a + 400. What is the hundreds digit of s?
4
Let r(v) = 105*v - 158. Let y be r(5). Let s = y + 633. What is the units digit of s?
0
Suppose -9*r = -2*r + 2*r. Let q(p) = -11*p + 52. What is the tens digit of q(r)?
5
Suppose 2*w = 3*a - 160510, 4*a - 2*w - 139420 = 74592. What is the units digit of a?
2
Let f = 1014 + -2056. Let n = f + 1495. Suppose -610 = -0*i - 4*i + 2*h, -3*h = -3*i + n. What is the hundreds digit of i?
1
Suppose 1194 = -9*v - 1605. Let w = 515 + v. What is the tens digit of w?
0
Let y be 1/((-21)/6*3/21). What is the units digit of 5224/16 - 1/y?
7
Let g be (2 - 1)*(1 - 15 - -14). Suppose g*s + 6*s - 3546 = 0. What is the units digit of s?
1
Suppose 841088 - 172418 = 10*z - 0*z. What is the ten thousands digit of z?
6
Let o = 74 + -72. Let m be (-2392)/(-3) + 3/(-9). Suppose 2*i - m = -2*y - 235, -o*i - 5*y = -577. What is the units digit of i?
6
Suppose 4*y - 26643 = -3*p, -5*p = -4*p - 4*y - 8849. What is the thousands digit of p?
8
Let f = 262 - 257. Suppose 1083 = f*d + 2*u - 1000, 4*u + 421 = d. What is the hundreds digit of d?
4
Suppose -5*g = 3*i + 52, -45*g + 24 = -47*g - 2*i. Let x = 192 - 556. What is the units digit of (x/g)/(2/4)?
1
Let a = -8682 - -14785. What is the thousands digit of a?
6
Let c = 1884 + 1734. What is the hundreds digit of c?
6
Let n(u) = 2*u**2 + 30*u + 7. Let g be n(21). What is the hundreds digit of 4/6 + g/3?
5
Let g = -125 + 199. Let l be (2 - (2 - 1))/(37/g). Suppose -4*f + l*i = i - 361, -4*f = -5*i - 381. What is the units digit of f?
9
Let s(a) = -a**3 + 8*a**2 + 3*a - 7. Let q = 135 - 128. Suppose -2*x - q = -3*l, 3*x - 4*x = 5*l - 29. What is the tens digit of s(l)?
8
Let t be (-1 - 9)/((-5)/15). Let w be 124/t - (-14)/(-105). Suppose 0 = 4*v + 4*i - 77 - 15, -v = -w*i - 43. What is the tens digit of v?
2
Let n be 25/(1 - (-16)/(-15)). Let y = 779 + n. What is the hundreds digit of y?
4
Suppose -27*x + 222 = -21*x. Suppose -2*k = x*k - 19266. What is the units digit of k?
4
Let k be -10*12/(-6)*(1 - 0). Suppose u = -4*g + 4*u + 3452, 0 = -5*u + k. What is the units digit of g?
6
Suppose 29591 = 27*j - 178043 - 152978. What is the tens digit of j?
5
Let q(g) = -325*g + 413. What is the hundreds digit of q(-24)?
2
Suppose -33*o = 105*o - 2586120. What is the units digit of o?
0
Suppose h = 2*i + 3, 5*h - 2*i - 24 = h. Let u(c) = 6 - 5*c + c + 29 + 16. What is the units digit of u(h)?
3
Let m = 31 - 11. Let g = 2521 - 1233. Suppose 27*q - g = m*q. What is the hundreds digit of q?
1
Let h be (-1 - (-28)/4)/(-1). Let f(q) = 12*q**2 - 20*q - 16. What is the hundreds digit of f(h)?
5
Suppose 0 = -u + 3*h + 305, 5*u + 2*h = 192 + 1384. Suppose -8*x + 310 = -u. Suppose 2*s + 4*s = x. What is the tens digit of s?
1
Let m = 213544 + -126380. What is the tens digit of m?
6
Let a(b) = b + 1. Let r(u) = 9*u - 26. Let c(w) = -4*a(w) + r(w). Let y be c(7). Suppose y*s + 61 - 216 = 0. What is the tens digit of s?
3
Let u = 39495 + -19568. What is the ten thousands digit of u?
1
Suppose -2*g + 88 = g - 4*y, 0 = 4*y + 4. Suppose g*w - 1895 = 27*w. What is the thousands digit of w?
1
Let l = 36 + -31. Suppose w = -l*n + 167, 2*n + 182 = 4*w - 530. Let k = w - 60. What is the units digit of k?
7
Let d = 1077 + -1075. Suppose 0 = x + 2 - 26. What is the units digit of d + 0 + -3 + x?
3
Let k(u) = u**2 + u - 27. Let p be k(-7). Let r(n) = -p - 19*n + 41 - 14. What is the tens digit of r(-3)?
6
What is the units digit of -9 + 16/(-12)*82086/(-4)?
3
Let w(o) = 2050*o**2 - 3*o + 3. What is the tens digit of w(-2)?
0
Suppose 30744 = -16*q + 58*q. Suppose 21*n = 27*n - q. What is the units digit of n?
2
Let s(m) = m**3 + m**2 + m - 3. Let v be s(-3). Let w(y) = -3*y**2 + 8*y - 6. Let h be w(6). Let k = v - h. What is the units digit of k?
2
Suppose -51900 = 2039*h - 2050*h + 9887. What is the tens digit of h?
1
Let f(g) = -15*g - 70. Let h be f(-6). What is the units digit of 585 + 4/(h/(-25))?
0
Let n = -960 + 1602. Suppose 2*s - n = a, -s - 2*s + 963 = 4*a. What is the hundreds digit of s?
3
Let p(o) = o**2 - 19*o - 50. Let n be p(17). Let q = 145 + n. Suppose -59*g + q*g = 266. What is the tens digit of g?
3
Suppose 0 = 5*d - p - 78446, -2*d + 3*p - 6033 = -37401. What is the units d